{"id":92,"date":"2025-09-15T17:05:14","date_gmt":"2025-09-15T17:05:14","guid":{"rendered":"https:\/\/3damedida.com\/?post_type=product&#038;p=92"},"modified":"2025-09-15T17:05:51","modified_gmt":"2025-09-15T17:05:51","slug":"trofeo-festival-de-verin","status":"publish","type":"product","link":"https:\/\/3damedida.com\/?product=trofeo-festival-de-verin","title":{"rendered":"Trofeo festival de Ver\u00edn"},"content":{"rendered":"","protected":false},"excerpt":{"rendered":"<p>Trofeo realizado para el Festival Internacional de Ver\u00edn, con un dise\u00f1o a cargo de Sabela Mu\u00f1\u00edz, se personalizaron 5 tipos diferentes de trofeos, cada uno con sus detalles \u00fanicos. Est\u00e1 impreso en PLA con relleno de yeso y realizado en varias piezas.<\/p>\n","protected":false},"featured_media":215,"comment_status":"open","ping_status":"closed","template":"","meta":[],"product_brand":[],"product_cat":[21],"product_tag":[],"class_list":{"0":"post-92","1":"product","2":"type-product","3":"status-publish","4":"has-post-thumbnail","6":"product_cat-trofeos-y-medallas","8":"first","9":"instock","10":"taxable","11":"shipping-taxable","12":"product-type-simple"},"_links":{"self":[{"href":"https:\/\/3damedida.com\/index.php?rest_route=\/wp\/v2\/product\/92","targetHints":{"allow":["GET"]}}],"collection":[{"href":"https:\/\/3damedida.com\/index.php?rest_route=\/wp\/v2\/product"}],"about":[{"href":"https:\/\/3damedida.com\/index.php?rest_route=\/wp\/v2\/types\/product"}],"replies":[{"embeddable":true,"href":"https:\/\/3damedida.com\/index.php?rest_route=%2Fwp%2Fv2%2Fcomments&post=92"}],"wp:featuredmedia":[{"embeddable":true,"href":"https:\/\/3damedida.com\/index.php?rest_route=\/wp\/v2\/media\/215"}],"wp:attachment":[{"href":"https:\/\/3damedida.com\/index.php?rest_route=%2Fwp%2Fv2%2Fmedia&parent=92"}],"wp:term":[{"taxonomy":"product_brand","embeddable":true,"href":"https:\/\/3damedida.com\/index.php?rest_route=%2Fwp%2Fv2%2Fproduct_brand&post=92"},{"taxonomy":"product_cat","embeddable":true,"href":"https:\/\/3damedida.com\/index.php?rest_route=%2Fwp%2Fv2%2Fproduct_cat&post=92"},{"taxonomy":"product_tag","embeddable":true,"href":"https:\/\/3damedida.com\/index.php?rest_route=%2Fwp%2Fv2%2Fproduct_tag&post=92"}],"curies":[{"name":"wp","href":"https:\/\/api.w.org\/{rel}","templated":true}]}}